umber?
True
Is 14983 a composite number?
False
Is 498707 prime?
False
Is 934387 a prime number?
True
Is 37747 prime?
True
Is 91099 composite?
False
Is 8147 a prime number?
True
Is 359 composite?
False
Is 21703 a prime number?
False
Is 28327 prime?
False
Is 57499 a composite number?
True
Is 392307 a composite number?
True
Is 29941 a prime number?
False
Is 8893 prime?
True
Is 149349 a prime number?
False
Is 75343 a prime number?
False
Is 119653 a composite number?
False
Is 14813 prime?
True
Is 193999 a prime number?
False
Is 2741 a composite number?
False
Is 149689 a prime number?
True
Is 205001 a prime number?
False
Is 10 a prime number?
False
Is 7279 a prime number?
False
Is 1253093 prime?
True
Is 8795 a composite number?
True
Is 137551 a prime number?
False
Is 3314 a prime number?
False
Is 7961 a composite number?
True
Is 72461 a prime number?
True
Is 48017 composite?
False
Is 143131 a composite number?
True
Is 54317 a composite number?
True
Is 23417 composite?
False
Is 4507 a prime number?
True
Is 804587 prime?
False
Is 168193 composite?
False
Is 209311 prime?
True
Is 124841 prime?
False
Is 12499 prime?
False
Is 2069131 prime?
False
Is 8887 a prime number?
True
Is 5297 a composite number?
False
Is 919 composite?
False
Is 27754 a prime number?
False
Is 111577 prime?
True
Is 1563 prime?
False
Is 93701 a prime number?
True
Is 6197 composite?
False
Is 18591 a prime number?
False
Is 763 a composite number?
True
Is 141413 a composite number?
False
Is 18115 a prime number?
False
Is 207931 a prime number?
True
Is 1131283 composite?
True
Is 32311 a composite number?
True
Is 31015 prime?
False
Is 8999 a prime number?
True
Is 34647 composite?
True
Is 276721 a prime number?
True
Is 8731 prime?
True
Is 3635 composite?
True
Is 1621123 a prime number?
False
Is 15149 prime?
True
Is 34841 a prime number?
True
Is 76079 composite?
False
Is 9083 composite?
True
Is 27355 prime?
False
Is 541 composite?
False
Is 5062 a composite number?
True
Is 6769 prime?
False
Is 67227 prime?
False
Is 35842 composite?
True
Is 15685 a composite number?
True
Is 10999 prime?
False
Is 46369 a composite number?
True
Is 733559 prime?
True
Is 28513 a prime number?
True
Is 10771 composite?
False
Is 169747 prime?
False
Is 97169 prime?
True
Is 3862 a prime number?
False
Is 41573 composite?
True
Is 8743 a prime number?
False
Is 118421 a prime number?
False
Is 464605 a prime number?
False
Is 62119 a prime number?
True
Is 171055 composite?
True
Is 17246 composite?
True
Is 4303787 prime?
True
Is 215547 prime?
False
Is 8467 prime?
True
Is 2841847 composite?
False
Is 198823 composite?
False
Is 90271 a prime number?
True
Is 2767 composite?
False
Is 246271 a composite number?
False
Is 1047941 prime?
True
Is 1607357 composite?
False
Is 4036939 a composite number?
True
Is 493517 a prime number?
False
Is 1396301 composite?
False
Is 21977 prime?
True
Is 2203 prime?
True
Is 15013 a prime number?
True
Is 14215 composite?
True
Is 576253 prime?
False
Is 6449 prime?
True
Is 361111 composite?
False
Is 1317 prime?
False
Is 2653 composite?
True
Is 43739 composite?
True
Is 10739 prime?
True
Is 221281 a prime number?
True
Is 2099 prime?
True
Is 73877 composite?
False
Is 5906 a composite number?
True
Is 8902 a prime number?
False
Is 124979 prime?
True
Is 8143 prime?
False
Is 5557 composite?
False
Is 1215779 a prime number?
True
Is 53763 prime?
False
Is 39019 a composite number?
False
Is 6971 composite?
False
Is 19373 a prime number?
True
Is 49903 a composite number?
True
Is 12611 a composite number?
False
Is 538709 composite?
False
Is 4055 a composite number?
True
Is 45377 composite?
False
Is 82003 a composite number?
False
Is 2579 prime?
True
Is 258233 a composite number?
False
Is 1991857 composite?
True
Is 163433 prime?
True
Is 124601 prime?
True
Is 31258 a composite number?
True
Is 44903 a composite number?
True
Is 100907 a prime number?
True
Is 27319 composite?
True
Is 60859 prime?
True
Is 391033 a composite number?
True
Is 209303 composite?
True
Is 111937 a prime number?
False
Is 1368299 composite?
True
Is 399055 prime?
False
Is 557 a composite number?
False
Is 17957 a composite number?
False
Is 241687 composite?
False
Is 883871 a composite number?
False
Is 8317 composite?
False
Is 232879 a prime number?
False
Is 61583 a prime number?
True
Is 907289 a composite number?
True
Is 433361 composite?
False
Is 12326 a prime number?
False
Is 433501 prime?
True
Is 12409 a prime number?
True
Is 2545 prime?
False
Is 433891 prime?
False
Is 96519 prime?
False
Is 165761 a prime number?
False
Is 663859 prime?
False
Is 3143 prime?
False
Is 4829 a composite number?
True
Is 420671 a composite number?
False
Is 881663 prime?
True
Is 167747 a composite number?
False
Is 50413 composite?
True
Is 1081 a composite number?
True
Is 187463 composite?
False
Is 46433 a composite number?
True
Is 12841 a composite number?
False
Is 1728269 prime?
True
Is 35491 a composite number?
False
Is 115163 a composite number?
False
Is 53957 a prime number?
False
Is 419231 prime?
True
Is 528103 a prime number?
False
Is 709043 composite?
False
Is 269863 a composite number?
True
Is 18451 a composite number?
False
Is 59293 composite?
True
Is 221339 a composite number?
True
Is 69313 a prime number?
True
Is 95827 a composite number?
True
Is 7135 composite?
True
Is 448417 composite?
True
Is 12793 a composite number?
True
Is 407285 a prime number?
False
Is 30791 prime?
False
Is 43313 a composite number?
False
Is 1199681 a prime number?
False
Is 10238 prime?
False
Is 13159 a prime number?
True
Is 50671 prime?
True
Is 27355 prime?
False
Is 43001 a composite number?
True
Is 20209 a composite number?
True
Is 2521 a prime number?
True
Is 1697161 composite?
True
Is 264233 a prime number?
False
Is 118753 composite?
True
Is 11483 prime?
True
Is 691 prime?
True
Is 62911 a composite number?
True
Is 1947013 a composite number?
True
Is 5261 composite?
False
Is 629 composite?
True
Is 286289 composite?
False
Is 1943 a composite number?
True
Is 136621 prime?
True
Is 26759 composite?
False
Is 635 composite?
True
Is 681313 a prime number?
False
Is 15014 composite?
True
Is 189041 a composite number?
False
Is 1836011 a composite number?
False
Is 1822091 composite?
False
Is 579673 a prime number?
True
Is 23113 composite?
True
Is 110857 prime?
False
Is 153739 composite?
False
Is 3492651 a prime number?
False
Is 461141 composite?
True
Is 657743 composite?
False
Is 188709 a prime number?
False
Is 43657 prime?
False
Is 25765 composite?
True
Is 3088637 prime?
False
Is 14243 a prime number?
True
Is 64765 a prime number?
False
Is 1008773 composite?
False
Is 158827 composite?
True
Is 32233 prime?
True
Is 318247 prime?
True
Is 12037 prime?
True
Is 1765861 a prime number?
True
Is 5953 a prime number?
True
Is 142673 prime?
True
Is 18769 a prime number?
False
Is 1214 a composite number?
True
Is 573 composite?
True
Is 3967 a composite number?
False
Is 325237 a prime number?
False
Is 11183 a prime number?
False
Is 475663 a composite number?
True
Is 153407 a prime number?
True
Is 3011 prime?
True
Is 62229 prime?
False
Is 171439 a prime number?
True
Is 13997 prime?
True
Is 32117 composite?
False
Is 322607 prime?
True
Is 455149 a composite number?
False
Is 63647 prime?
True
Is 3593 prime?
True
Is 187751 composite?
False
Is 6247 prime?
True
Is 453745 composite?
True
Is 303673 prime?
False
Is 125497 a prime number?
True
Is 13391 composite?
True
Is 43853 a prime number?
True
Is 395 composite?
True
Is 149 a composite number?
False
Is 964023 a composite number?
True
Is 1987 a prime number?
True
Is 809099 composite?
True
Is 4223 a composite number?
True
Is 22051 a composite number?
False
Is 66137 prime?
True
Is 363355 a composite number?
True
Is 93287 composite?
False
Is 825359 prime?
False
Is 2408093 a prime number?
True
Is 4063 a prime number?
False
Is 5042 a prime number?
False
Is 479 a prime number?
True
Is 23151 composite?
True
Is 1086433 a prime number?
True
Is 1201 prime?
True
Is 190783 composite?
False
Is 121071 composite?
True
Is 514693 a prime number?
False
Is 17521 a composite number?
True
Is 275089 a prime number?
False
Is 67699 a prime number?
True
Is 379 composite?
False
Is 11521 composite?
True
Is 32171 a prime number?
False
Is 3535585 a prime number?
False
Is 205701 composite?
T